Is j a prime number?
False
Suppose 5*i = -10, b = -b + 3*i + 25888. Is b prime?
True
Is (0 - (-69)/12)/(3/9444) composite?
True
Let x(m) = 606*m**2 + 20*m + 57. Is x(-4) prime?
False
Let y(h) = 64299*h. Is y(1) a composite number?
True
Let d be 4/18 - 8/36. Suppose -2*u + 3*u - 649 = d. Is u a composite number?
True
Let a(i) = 13*i**3 + 3*i**2 - 2*i + 1. Suppose 10 = -5*c - 5*o, 2*c - 1 = -o - 0*o. Is a(c) a prime number?
True
Let x(z) = -z**3 - 10*z**2 + 10*z - 14. Let v be (-1)/2*(26 - 4). Let u be x(v). Is (-271)/u - (-18)/27 composite?
True
Suppose -3*m = -4*g + 10, 2*g - 1 = 7. Let a(r) = -2*r**2 + 4*r - 2. Let i be a(m). Is 97 + i + (3 - 3) a composite number?
True
Suppose 54119 = 3*b + 2*l, 0*b + 2*b + 2*l = 36078. Is b prime?
True
Suppose -10*x - x + 55 = 0. Suppose -x*d + 7566 = -4*f + 2279, d + 2*f = 1049. Is d composite?
True
Let v = 13033 - 6956. Is v prime?
False
Let u(q) = q**3 - 3*q**2 + 7*q + 7. Let m be u(7). Let b = 480 - m. Let v = -5 + b. Is v composite?
False
Let v be (11/33)/((-2)/(-30)). Suppose 0 = -o + 3*t - 5*t + 11049, -v*t = 5*o - 55265. Is o prime?
True
Suppose -2*l - 1415 = -z, 0 = -2*z - l + 3096 - 281. Is z composite?
False
Suppose 8*o = 6*o + 4. Suppose 2*v + 0*w = 3*w + 2177, o*v + 2*w - 2172 = 0. Is v composite?
False
Suppose -c = -4739 + 942. Is c prime?
True
Let h(w) = 4623*w - 4. Is h(1) a prime number?
False
Suppose -126951 - 109012 = -13*m. Is m composite?
True
Suppose 0 = -4*w + 2*d + 2676, -4*d = -2*d + 8. Is w a prime number?
False
Suppose 306*p - 13740 = 294*p. Is p composite?
True
Let r be 5/20 - 3/(-4). Is (12/(-36))/(r/(-2199)) a prime number?
True
Suppose 7*o + 12*o = 7923. Let x = -33 + 21. Is (-2)/(-8) - o/x prime?
False
Let u(l) = l + 5. Let t be u(0). Suppose 17*c = 33 + 18. Suppose -c*h = 2*h, -4*y + t*h = -3476. Is y prime?
False
Let l(j) = 21*j**2 - 23*j**2 - 6 - 2*j + 9*j**2. Is l(3) a prime number?
False
Let v(p) = 11*p - 13. Let y be v(5). Let r = 68 - y. Suppose -4*d - r = -x, -2*x + d - 2*d + 25 = 0. Is x prime?
False
Is (-60006)/(-9) + (-3 - 2)/15 composite?
True
Is (-25910)/6*765/(-425) composite?
True
Let k(u) = -86*u**3 + 4*u + 5. Is k(-3) a prime number?
False
Is (-2 + -133730)*(-94)/376 prime?
False
Suppose 5*k - 2*p = 32, -k - 3*p = -3*k + 15. Is 20398/21*k/4 composite?
True
Is 106564/5 + (6 - 174/30) composite?
False
Let f = 3874 - 2483. Is f prime?
False
Suppose 6*g - 11762 = -2360. Suppose 3*d = l + g, -4*l = -0*d + 3*d - 1547. Is d prime?
True
Suppose 0*l - 185 = -2*l + u, -u - 5 = 0. Suppose -g + 100 + l = 5*s, 3*g - 560 = -5*s. Is g prime?
False
Suppose 4*h - 3*h - 17 = g, 0 = -2*g - 3*h - 44. Let c = g - -19. Suppose -2*w + 105 + 409 = c. Is w composite?
False
Suppose -2*c + 13 = i + 2, 0 = -2*i - 6. Let o(f) = -4*f**2 - f**3 - c*f + 1 - 10 + 3. Is o(-4) composite?
True
Suppose j + 4 = 20. Suppose a + j = 6. Is (-866)/a - 6/(-15) a composite number?
True
Let y = -6562 - -11709. Is y composite?
False
Suppose -23*n - 57*n + 4102640 = 0. Is n a prime number?
True
Suppose 6*x - 2*x - 5*i - 8075 = 0, 0 = -4*x - i + 8105. Let m = x + 334. Is m composite?
True
Let b be 1 + -1 + -4 - 9. Let i = b - -19. Suppose 0 = i*m - 7*m + 51. Is m a composite number?
True
Suppose -f - 4*f = -5*u + 120, -3*f - 3*u - 48 = 0. Let y = 18 - f. Is y composite?
True
Let g(z) = -201*z**2 - 3*z + 3. Let p be g(1). Let j = 418 + p. Is j composite?
True
Let f = -48 - -84. Is (-3 - (-2584)/36) + 8/f a prime number?
False
Let z = 15706 - 10199. Is z a composite number?
False
Suppose -4*n + 2 = m + 5, -n + 3 = m. Suppose c = -x + 273 + 155, 2130 = 5*x - m*c. Is x prime?
False
Suppose -18*v + 1081640 = 22*v. Is v prime?
False
Suppose 0 = -7*s + 24635 + 23651. Is s a prime number?
False
Suppose k - 4 = -4*t, k - 3*t - t = -4. Suppose k = m - 2183 + 198. Is m a prime number?
False
Suppose -27*y + 20*y + 99911 = 0. Is y composite?
True
Let n(d) = 4861*d**2 - 3*d - 4. Let u be n(-1). Suppose -4*o + u = 1384. Is o a prime number?
False
Suppose 0 = 3*p + 4 + 5, 0 = -u + 3*p - 1. Let f(d) = -6*d**3 + 7*d**2 - 10*d + 3. Is f(u) a composite number?
False
Suppose 0 = -5*w - 0*w - h + 14464, -3*w + 2*h + 8681 = 0. Is w a prime number?
False
Let j be -7 + 1618 + (-2 + 1)*1. Let u = j + -1123. Is u prime?
True
Let u = -52565 + 86374. Is u prime?
True
Suppose -4*r - 9 = -3*k, -k + 3*k - 2 = 2*r. Let l(b) = b + 10. Let y be l(r). Suppose y*f - 59 = 29. Is f composite?
True
Is 4104 + 8 + -13 - (1 + -1) composite?
False
Is (-16 - 539/(-33))/((-2)/(-433806)) a prime number?
False
Suppose -4*a + 15 = -a. Let u(g) = g**3 + 6*g**2 + 2*g + 12. Let m be u(-6). Is 1110/a - (-1 - m) composite?
False
Suppose 4*t - 4 + 0 = 0. Let x = 3 - t. Suppose 164 = x*d + 2*v, -5*d + 0*v + 418 = -3*v. Is d prime?
True
Let n(s) = s**3 - 5*s**2 - s + 5. Let l be n(5). Suppose 2*p - 1 - 9 = l. Suppose -p*c = 35 - 220. Is c a prime number?
True
Suppose j = i - 10, 7 = -3*j + i - 15. Let h(k) = -k**3 - 5*k**2 - k - 7. Is h(j) a composite number?
True
Let k = 26332 + 2311. Is k a composite number?
False
Suppose -7*r = -3*r - 4*n - 3512, r = -5*n + 908. Is r a prime number?
True
Let i = -13 - -20. Suppose 4*j - i*j + 1611 = 0. Is j composite?
True
Let p be 1/(((-4)/298)/(-2)). Suppose 0 = 31*g - 39*g + 120. Let w = p - g. Is w a composite number?
True
Suppose 4*p - 14 = -r, 7*r - 2*r + 3*p = 19. Let n be (r - (15 - -2))*-29. Suppose 2*f - 5*f = -n. Is f prime?
False
Let r(v) = 43147*v**2 + 7*v - 1. Is r(1) prime?
False
Let b(l) = 17*l**2 + 5*l + 85. Is b(-43) prime?
False
Let k = 12643 - -11838. Is k composite?
False
Let x(i) = 119*i**2 - i + 1. Let v be x(1). Let j be v + ((-8)/2 - 0). Let g = 326 - j. Is g prime?
True
Suppose -5*q + 0*p - 2*p + 1377979 = 0, 0 = -4*q - 7*p + 1102367. Is q prime?
False
Suppose 0 = 2*p - 16. Is p - 8 - 122/(-1) a composite number?
True
Let g be (-2)/(-1*(-68)/(-20) + 3). Suppose -1986 = -g*d - 551. Is d composite?
True
Suppose -8 = j - 5*j. Suppose j*s - 860 = -3*s. Let q = s + -121. Is q composite?
True
Let v be 60/(-35) + 4/(-14). Let r(x) = 0*x - 2 + 3 - 3*x. Is r(v) a prime number?
True
Let i = -2141 + 5698. Suppose 3 = -3*p + 9. Suppose 0 = -w + 4*w - 12, 5*n - i = p*w. Is n a composite number?
True
Let y(u) = 365*u**2 + 11*u + 22. Is y(4) prime?
False
Suppose 2*i - 1 = 9. Suppose 2696 = i*j - 2*x - 5689, -3*j + 4*x = -5017. Is j a composite number?
True
Suppose -14*v + i - 14512 = -19*v, 4*v - i = 11615. Is v a composite number?
False
Suppose -137 - 103 = -8*i. Suppose 0 = -i*d + 28*d + 2518. Is d composite?
False
Let q(y) = -1896*y - 1. Let n be q(-2). Let g = n + -1212. Is g prime?
True
Let g = -10 - -11. Suppose 5*q + 21 = g. Is 51/(-3 + (-18)/q) prime?
False
Suppose 0 = -4*c + j - 0 + 12, -5*c + 6 = j. Let t(r) = 40*r - 84. Let g be t(17). Suppose w - 1 = 0, -c*p - 3*p + g = w. Is p a composite number?
True
Let h = 11 + -11. Let q(z) = 2*z + 34. Let u be q(-16). Is (h + u/(-4))*-3118 a composite number?
False
Let p = 23 + -20. Suppose p*y - 3*o - 427 = y, 0 = 5*y + 2*o - 1115. Is y composite?
True
Suppose 2*h - 4*h = -18. Suppose -h*p = -310 - 779. Is p prime?
False
Let b be 140/49 - 1/(-7). Suppose -b*z + a + 4 = -0*a, -37 = -4*z - 5*a. Is 14/42 - (-212)/z composite?
False
Is (-10)/(200/30) - (-226370)/4 composite?
False
Let g(i) = -2*i - 15. Suppose -2*b + 42 = -3*t + 2*b, -3*t - 2*b - 24 = 0. Let p be g(t). Suppose 3*w + 5*a + 42 = 189, 2*w - p*a = 98. Is w prime?
False
Let p = 566 - -1188. Is p a composite number?
True
Let w(t) = 215 + 2*t**2 - 5*t**2 + 2*t**2 + 272. Is w(0) composite?
False
Is -121 - -109 - 70583/(-1) composite?
False
Let r(w) = -36 + 6 - 6*w - 22*w - 6*w. Let a be r(13). Let b = a + 723. Is b a prime number?
True
Suppose 12*u - 1582 = 3242. Let y = u + -65. Is y prime?
True
Let m(s) = 17 + 5*s**2 + 11*s - 6*s - 15*s. Let l(c) = c**3 + 6*c**2 + 5*c - 4. Let k be l(-4). Is m(k) a prime number?
True
Suppose -5*i = -j + 2, -3*i - 5*j + 10 = -2*i. Let k(u) = 0*u + i*u + u + 3 + 7*u. Is k(10) a prime number?
True
Suppose -6371 = -7*l + 9624. Is l a prime number?
False
Let w be (24 + -1 - -3)/2. Let x = w + 304. Is x a composite number?
False
Let l = -21 - -27. Is ((-4)/l)/((6/(-5283))/1) prime?
True
Suppose -17*a - 34871 + 1110580 = 0. Is a a composite number?
False
Suppose -b - 4*b = 0